p - 4*u = -188, 2*p - o*u - 132 = -0*p. What is the greatest common factor of p and 144?
16
Let k be (-325)/26*(-4)/5 - 3. Suppose 3*v = -5*i + 136, -3*i + k*i + 4 = 0. What is the highest common factor of v and 235?
47
Let f(t) = t**2 - 21*t + 68. Let a be f(17). Suppose a = -5*o - o + 486. Calculate the highest common divisor of 135 and o.
27
Suppose -4*q + 40*v - 36*v = -8576, -3*v + 2124 = q. Calculate the greatest common factor of q and 93.
93
Let i = -924 - -930. What is the highest common factor of 447 and i?
3
Suppose -36*c + 27*c = -28*c + 1026. Calculate the highest common divisor of c and 2727.
27
Suppose -1515 = -2*h + 2*x + 2115, -h + 5*x + 1815 = 0. Calculate the highest common divisor of h and 55.
55
Let k = 64263 - 40727. Calculate the greatest common divisor of k and 16.
16
Let f be (-84)/(-15)*(-50)/(-4). Suppose 7*d + 210 = 9*d - 4*c, 2*d - 210 = 5*c. What is the highest common factor of d and f?
35
Let g = 646 + -398. Suppose 0 = -2*u + g + 616. Calculate the highest common divisor of 48 and u.
48
Suppose -3*m = 2*d - 347, 2*m = 5*m + 5*d - 350. Suppose -3*z = -5*y + m + 34, 0 = z - 5*y + 33. Let i = -28 - z. What is the highest common factor of i and 75?
15
Suppose 96*j = 102*j - 264. What is the greatest common divisor of j and 4103?
11
Let t be (15 + -7 + -32532)*((-6)/8)/3. What is the greatest common factor of 346 and t?
173
Let x be ((-42)/(-9))/((-9)/(-27)*8/124). What is the greatest common divisor of 6944 and x?
217
Let h be -5*5/5*(-35 + -3). Let l = h - 163. What is the highest common factor of 9 and l?
9
Suppose -3*y + 144 = 3*g, y - 44*g = -46*g + 51. Calculate the highest common factor of 2745 and y.
45
Let i(r) = -r**2 - r - 300. Suppose 4*p - 3*p = -4*p. Let g be i(p). Let f be (2 + -1)/(4/g*-1). Calculate the greatest common factor of 50 and f.
25
Suppose 29*i - 9*i = 360. Let a be 3/(i/(-324)*(-3)/14). What is the greatest common divisor of 9 and a?
9
Let d be 208/28*(-2009)/(-82). What is the greatest common divisor of 52 and d?
26
Let c be (-13)/65 - 22/(-10). Suppose m = 4*n + 4*m + 20, -2*n - c*m - 12 = 0. Let u be (14/n + -11)*2/(-4). What is the highest common factor of u and 153?
9
Let c(k) = 411*k**2 - 13*k - 37. Let u be c(4). Calculate the highest common factor of u and 13.
13
Let b(o) = -46 - o**2 - 3*o + 8*o + 26 + o**3 + 25. Let k be b(5). Let z be (-2)/(-3) - 616/(-12). What is the greatest common divisor of z and k?
26
Suppose 3*s - 29 + 23 = 0, 5*y = -2*s + 1309. Calculate the highest common divisor of 1363 and y.
29
Let q(m) = 82*m**2 + 2*m - m - 7*m + 2*m + 6. Let v be q(1). Calculate the greatest common divisor of 56 and v.
28
Let v(j) = j**2 + j. Let f(y) = -26*y**2 + 6*y + 2. Let s(r) = -f(r) + 6*v(r). Let m be s(2). What is the highest common factor of m and 18?
18
Suppose -2*v + 60 = 3*x - 7*v, 0 = 5*v - 30. What is the highest common divisor of 10770 and x?
30
Let p = -54 + 56. Let i be -1 + (8 - 3) - p. Let g be (1*84)/(i/2). What is the greatest common factor of 63 and g?
21
Let v be (-136)/(-32) + 28/16. Suppose 0 = -v*a + 11*a + 2*s - 1099, 4*s + 896 = 4*a. Calculate the greatest common factor of 26 and a.
13
Let d = -31 + 47. Suppose 8*v - 5*v - 183 = -n, -5*n = -2*v - 966. Suppose -321*p + 317*p + n = 0. What is the greatest common divisor of p and d?
16
Let d(y) = 111 - 8*y**2 + y**2 + 6*y**2 + 6*y - 10*y + 27*y. Let f be d(11). Calculate the greatest common factor of 27 and f.
27
Suppose 5*s - 3*s - 36 = 0. Let z be (-588)/((-192)/(-16)) + 256. Calculate the highest common divisor of s and z.
9
Let x(y) = -y**3 - 4*y**2 + y - 12. Let l(u) = 2*u**3 + 2*u - 5. Let k = 26 + -26. Let z be l(k). Let c be x(z). What is the highest common factor of c and 128?
8
Let y be 12/21 - 130/7. Let c be 1600/12*y/(-15). Calculate the greatest common divisor of 10 and c.
10
Let x = -4 - -40. Let d(c) be the first derivative of -c**4/4 + 20*c**3/3 + 24*c + 14. Let t be d(20). Calculate the highest common factor of x and t.
12
Let l(r) = -200*r + 31. Let a be l(-3). Let j = 1665 - a. What is the highest common factor of 94 and j?
94
Suppose 3*z = -4*t - 538, -z + 3*t - 243 = -55. Let d = 227 + z. Let l be (-1)/(-1 + (-4)/(-5)). What is the greatest common factor of d and l?
5
Suppose -2*v - 50 = -6. Let q be (-1)/33*-6 - 392/v. Suppose -32 = -2*k - q. What is the highest common divisor of 28 and k?
7
Suppose 0 = -3*v - 9, 2*c - 2106 = -31*v + 33*v. What is the highest common divisor of 574 and c?
14
Let u(l) = -l**3 + 5*l**2 + 5*l - 7. Let t be u(6). Suppose 38 = 4*o - 2*x, o + 3 = 3*x + 20. Let b = o - t. Calculate the highest common factor of 21 and b.
21
Let r be (12/30)/(5/50). Suppose 4*i - 3*j - 4751 = -0*i, 3*i + r*j - 3582 = 0. What is the greatest common divisor of 10 and i?
10
Let z = 3 - 2. Let n be -18*z*(-1)/2. Suppose -2*s + 46 = d, -40*d - 5*s + 205 = -35*d. Calculate the highest common factor of d and n.
9
Let j(y) = -y**2 + 11*y - 1. Let c be j(9). Suppose 61*f - 7480 = -27*f. What is the greatest common factor of c and f?
17
Let t = 238 - 137. Let k = -68 + t. Let v(m) = 16*m**2 + 2*m - 6. Let s be v(-3). Calculate the highest common divisor of s and k.
33
Let x(d) = 2*d**3 + 5*d**2 - 7*d - 4. Let h be x(-7). Let a = -255 - h. Let j = -100 + a. What is the greatest common divisor of 451 and j?
41
Let i be 64 - (-4)/((-24)/(-42)). Suppose 4*v + 4*f - 268 = 0, v - f = i - 0. What is the greatest common factor of v and 115?
23
Suppose -1485 - 1813 = -17*o. Suppose 3*n = 3*u - 0*u + 309, u - 97 = -n. Suppose -l + y = -n, 5*y + o = l + l. What is the highest common divisor of l and 68?
34
Let f(w) = 3*w + 54. Let s be f(-17). Suppose u + 79 = 2*g + 4*u, -2*u - 138 = -s*g. Calculate the highest common factor of g and 8.
4
Let o be -38*(-2 + -1)*333/37. Calculate the greatest common factor of 1653 and o.
57
Let m = 793 + -441. Suppose -p = 58 - m. What is the highest common divisor of p and 6?
6
Suppose -3*m - 3*p - 22 = -31, -5 = 5*p. Suppose 5*y + 5 = r, m*r + 4*y + 8 - 28 = 0. Calculate the highest common divisor of 55 and r.
5
Suppose -22089 = -93*u - 56*u + 11287. Let g(h) = -3*h + 8. Let m be g(-8). What is the greatest common divisor of u and m?
32
Let d = -10 + 19. Suppose 0 = -430*l - 31 + 11780 - 139. What is the highest common divisor of l and d?
9
Suppose 3*q + 3*b - 647 + 56 = 0, q = -3*b + 187. Let g = q - 194. What is the highest common factor of 64 and g?
8
Let q(g) = g**3 + 5*g**2 + 3*g. Let f be q(-3). Let m be (1053/(-585))/(6/(-20)) + 354. What is the highest common factor of m and f?
9
Let m be ((-33)/9)/((-6)/(-2016)*-1682 + 5). What is the highest common factor of 4081 and m?
77
Let c be (-6)/(-15) - 36/(-10). Suppose 0 = 27*j + 4*j - 8*j - 1472. What is the greatest common factor of j and c?
4
Let t be 2/(-4)*0/(-1). Suppose t = -17*b + 3*b + 910. Suppose -104 = -n - 3*n. Calculate the highest common divisor of n and b.
13
Suppose 0 = -72073*x + 72093*x - 140. Let o(r) = 20*r**2 - 3*r - 4. Let j be o(-5). What is the greatest common factor of x and j?
7
Let c(u) = -2*u**3 + 38*u**2 - 89*u - 58. Let i be c(16). Calculate the greatest common factor of i and 945.
27
Suppose 69*t - 15*t - 270 = 0. Suppose 3*h - y - 113 = 0, -4*y + 104 + 90 = t*h. What is the highest common factor of h and 418?
38
Let a(z) = 4*z - 6. Let s be a(6). Let u = 126 - 123. Suppose -2*i - 6*n + 2*n + 42 = 0, -84 = -u*i + n. What is the greatest common factor of s and i?
9
Let x be (186/(-15))/((-4)/10). Let o = x + 45. Let y = o - 36. Calculate the highest common factor of 20 and y.
20
Suppose -j - w + 4941 = 0, -193*j + 188*j + 24765 = -5*w. What is the greatest common divisor of 1455 and j?
291
Suppose 2*g - 3*g = 4*a - 2, 0 = -3*g + 3*a + 21. Let w(t) = -391*t - 1167. Let j be w(-3). What is the highest common divisor of g and j?
6
Suppose -59 + 52 = v - 307. Calculate the highest common divisor of v and 4000.
100
Suppose -12*m = -11*m + 5*g - 485, 3*m - 1355 = 5*g. Calculate the highest common divisor of 60 and m.
20
Let o(c) = 138*c - 30. Let a be o(2). Suppose -a = -2*h - 66. What is the greatest common factor of h and 240?
30
Let k be (-573)/2*(17/(-5) + (-189)/(-135)). Calculate the highest common divisor of 3 and k.
3
Let p be -15*(-3 + (-21)/(-9)). Suppose -8*h - 98 = -p*h.